{"id":17,"date":"2026-02-25T17:27:01","date_gmt":"2026-02-25T16:27:01","guid":{"rendered":"https:\/\/fondation-farm.org\/?page_id=17"},"modified":"2026-04-27T12:05:08","modified_gmt":"2026-04-27T10:05:08","slug":"accueil","status":"publish","type":"page","link":"https:\/\/fondation-farm.org\/en\/","title":{"rendered":"Welcome"},"content":{"rendered":"<section class=\"block-2-col has-media blanc\">\n\n    <div class=\"bloc-main container gauche\">\n\n                <div class=\"media m-negatif\">\n                <div>\n                    <img loading=\"lazy\" decoding=\"async\" width=\"600\" height=\"540\" src=\"https:\/\/fondation-farm.org\/wp-content\/uploads\/2024\/07\/Paysans-africains-tetes-baissees.jpg\" class=\"attachment-super size-super\" alt=\"\" srcset=\"https:\/\/fondation-farm.org\/wp-content\/uploads\/2024\/07\/Paysans-africains-tetes-baissees.jpg 600w, https:\/\/fondation-farm.org\/wp-content\/uploads\/2024\/07\/Paysans-africains-tetes-baissees-300x270.jpg 300w\" sizes=\"auto, (max-width: 600px) 100vw, 600px\" \/>                <\/div>\n            <\/div>\n            \n            <div class=\"trapeze\">\n            \n            <h2>ACTION THEMES<\/h2>            <p>Founded in 2005, the Foundation for Agriculture and Rurality in the World (FARM) aims to inform decision-makers in countries of the South and North, public and economic actors, on strategic issues such as:<\/p>\n\n                            <ul>\n                                            <li><span class=\"picto-thematique\"><img loading=\"lazy\" decoding=\"async\" src=\"\" \/><\/span><h3>The sectors, from producers to markets <\/h3><\/li>\n                                            <li><span class=\"picto-thematique\"><img loading=\"lazy\" decoding=\"async\" src=\"\" \/><\/span><h3>Food and nutrition security <\/h3><\/li>\n                                            <li><span class=\"picto-thematique\"><img loading=\"lazy\" decoding=\"async\" src=\"\" \/><\/span><h3>The resilience of rural areas <\/h3><\/li>\n                                        <\/ul>\n                            <\/div>\n\n        <\/div>\n            <\/div>\n    \n\n                    <div class=\"centre mb\">\n            <a href=\"https:\/\/fondation-farm.org\/en\/la-fondation\/\" class=\"bt-plus\">Learn more about the Foundation<\/a>\n        <\/div>\n                    \n<\/section>\n\n\r\n\r\n<section class=\"bloc-2-col\">\r\n\r\n\r\n\r\n\r\n\r\n\r\n\r\n\r\n\r\n\r\n<\/section>\r\n\n\n\n<section class=\"publi fond-jaune\">\n\n    <div class=\"container\">\n                        <div class=\"centre\">\n                <h2>PUBLICATIONS<\/h2>\n            <\/div>\n            \n                            <div class=\"actualites carousel_actus\">\n                                    <div class=\"actualite gauche\">\n                        <div class=\"categorie\"> <span>23\/03\/2026<\/span><\/div>\n                        <h3>\u00c9changes inter-rives \u00ab\u00a0Quelles strat\u00e9gies d&rsquo;adaptation au changement climatique en M\u00e9diterran\u00e9e ?\u00a0\u00bb<\/h3>\n\n                                                    <p>La Fondation FARM et ses partenaires ont lanc\u00e9 en 2025 des \u00e9changes inter-rives dans le cadre du projet AACC\u2011Med (Adaptation des agricultures au changement climatique en M\u00e9diterran\u00e9e), en construisant un partenariat d\u2019envergure r\u00e9unissant des institutions m\u00e9diterran\u00e9ennes engag\u00e9es face aux risques climatiques croissants et \u00e0 leurs impacts sur nos agricultures.<\/p>                                                <a href=\"https:\/\/fondation-farm.org\/en\/echanges-inter-rives-quelles-strategies-dadaptation-au-changement-climatique-en-mediterranee\/\" class=\"plus\"><\/a>\n\n                    <\/div>\n                                    <div class=\"actualite droite\">\n                        <div class=\"categorie\"> <span>12\/02\/2026<\/span><\/div>\n                        <h3>Pesticides in agriculture: understanding the issues<\/h3>\n\n                                                    <p>What pesticides are used in agriculture? What are the consequences of their use? The FARM Foundation offers insight and answers to these questions.<\/p>                                                <a href=\"https:\/\/fondation-farm.org\/en\/pesticides-agriculture-comprendre-definition\/\" class=\"plus\"><\/a>\n\n                    <\/div>\n                                    <div class=\"actualite gauche\">\n                        <div class=\"categorie\"> <span>12\/02\/2026<\/span><\/div>\n                        <h3>Gouverner les pesticides \u00e0 l\u2019\u00e9chelle mondiale : un imp\u00e9ratif encore hors de port\u00e9e<\/h3>\n\n                                                    <p>Des champs europ\u00e9ens aux plaines africaines, asiatiques ou latino-am\u00e9ricaines, les pesticides circulent au rythme d\u2019un commerce mondialis\u00e9, tandis que les risques sanitaires et environnementaux restent tr\u00e8s in\u00e9galement partag\u00e9s. <\/p>                                                <a href=\"https:\/\/fondation-farm.org\/en\/gouverner-les-pesticides-a-lechelle-mondiale-un-imperatif-encore-hors-de-portee\/\" class=\"plus\"><\/a>\n\n                    <\/div>\n                                <\/div>\n            \n    <\/div>\n\n    <div class=\"centre\">\n        <a href=\"\/en\/publications\/\" class=\"bt-plus\">See all publications<\/a>\n    <\/div>\n\n<\/section>\n\n\n\n\n<section class=\"block-2-col has-media blanc\">\n\n    <div class=\"bloc-main container droite\">\n\n                <div class=\"media\">\n                <div>\n                    <img loading=\"lazy\" decoding=\"async\" width=\"1500\" height=\"1124\" src=\"https:\/\/fondation-farm.org\/wp-content\/uploads\/2022\/09\/ivan-bandura-HbWgPv0zZ_o-unsplash-1500x1124.jpg\" class=\"attachment-super size-super\" alt=\"\" srcset=\"https:\/\/fondation-farm.org\/wp-content\/uploads\/2022\/09\/ivan-bandura-HbWgPv0zZ_o-unsplash-1500x1124.jpg 1500w, https:\/\/fondation-farm.org\/wp-content\/uploads\/2022\/09\/ivan-bandura-HbWgPv0zZ_o-unsplash-300x225.jpg 300w, https:\/\/fondation-farm.org\/wp-content\/uploads\/2022\/09\/ivan-bandura-HbWgPv0zZ_o-unsplash-1024x767.jpg 1024w, https:\/\/fondation-farm.org\/wp-content\/uploads\/2022\/09\/ivan-bandura-HbWgPv0zZ_o-unsplash-768x576.jpg 768w, https:\/\/fondation-farm.org\/wp-content\/uploads\/2022\/09\/ivan-bandura-HbWgPv0zZ_o-unsplash-1536x1151.jpg 1536w, https:\/\/fondation-farm.org\/wp-content\/uploads\/2022\/09\/ivan-bandura-HbWgPv0zZ_o-unsplash.jpg 1920w\" sizes=\"auto, (max-width: 1500px) 100vw, 1500px\" \/>                <\/div>\n            <\/div>\n            \n        <div class=\"trapeze\">\n            <h2>EXAMPLES OF PROJECTS<\/h2>            <p>THE <strong>Barometer<\/strong> des agricultures africaines ;<\/p>\n<p>The AACC-Med project: <strong>adaptation<\/strong> from agriculture to <strong>climate change in the Mediterranean<\/strong>.<\/p>\n        <\/div>\n\n    <\/div>\n\n                    <div class=\"centre mt\">\n            <a href=\"https:\/\/fondation-farm.org\/en\/projet\/\" class=\"bt-plus\">See the projects<\/a>\n        <\/div>\n                    \n<\/section>\n\n\n<section class=\"fond-jaune\">\n\n    <div class=\"container\">\n                        <div class=\"centre\">\n                <h2>Media and Resources<\/h2>\n            <\/div>\n            \n                            <div class=\"actualites carousel_actus\">\n                                    <div class=\"actualite gauche\">\n                        <div class=\"categorie\"> <span>27\/01\/2026<\/span><\/div>\n                        <h3>Conf\u00e9rence FARM 2026 &#8211; Repenser la protection des cultures : agir collectivement pour le vivant<\/h3>\n\n                                                    <p>La Fondation FARM organise sa 15\u1d49 Conf\u00e9rence internationale le mardi 17 f\u00e9vrier 2026 intitul\u00e9e \u00ab\u00a0Repenser la protection des cultures : agir collectivement pour le vivant\u00a0\u00bb, \u00e0 la Cit\u00e9 Internationale Universitaire de Paris. <\/p>                                                <a href=\"https:\/\/fondation-farm.org\/en\/actualite\/conferencefarm2026\/\" class=\"plus\"><\/a>\n\n                    <\/div>\n                                    <div class=\"actualite droite\">\n                        <div class=\"categorie\"> <span>06\/01\/2026<\/span><\/div>\n                        <h3>Nomination\u00a0: FARM accueille un nouveau pr\u00e9sident du Conseil scientifique<\/h3>\n\n                                                    <p>Nomm\u00e9 par le Conseil d\u2019administration, Christian Huyghe devient pr\u00e9sident du Conseil scientifique de FARM \u00e0 partir du 1er janvier 2026.<\/p>                                                <a href=\"https:\/\/fondation-farm.org\/en\/actualite\/nomination-farm-accueille-un-nouveau-president-du-conseil-scientifique\/\" class=\"plus\"><\/a>\n\n                    <\/div>\n                                    <div class=\"actualite gauche\">\n                        <div class=\"categorie\"> <span>06\/01\/2026<\/span><\/div>\n                        <h3>La Fondation FARM vous souhaite une tr\u00e8s belle ann\u00e9e 2026 !<\/h3>\n\n                                                    <p>Cette ann\u00e9e, la Fondation f\u00eatera 20 ans d\u2019engagements en faveur des agricultures durables, solidaires et r\u00e9silientes\u00a0: l\u2019ann\u00e9e sera ponctu\u00e9e de nombreux temps forts \u00e0 ne pas manquer\u00a0!<\/p>                                                <a href=\"https:\/\/fondation-farm.org\/en\/actualite\/la-fondation-farm-vous-souhaite-une-tres-belle-annee-2026\/\" class=\"plus\"><\/a>\n\n                    <\/div>\n                                <\/div>\n            \n    <\/div>\n\n    <div class=\"centre\">\n        <a href=\"\/en\/actualite\/\" class=\"bt-plus\">See all news<\/a>\n    <\/div>\n\n<\/section>\n\n\n\n\n\n\n<section class=\"texte-image blanc\">\n\n    \n    <div class=\"bloc-main container gauche\">  \n\n\n    \n        <div class=\"colonne texte\">\n\n                    <\/div>\n\n    <\/div>\n        \n<\/section>\n\n\n\n\n<div class=\"wp-block-buttons is-layout-flex wp-block-buttons-is-layout-flex\"><\/div>","protected":false},"excerpt":{"rendered":"","protected":false},"author":1,"featured_media":0,"parent":0,"menu_order":0,"comment_status":"closed","ping_status":"closed","template":"templates\/page-home.php","meta":{"_acf_changed":false,"inline_featured_image":false,"footnotes":""},"class_list":["post-17","page","type-page","status-publish","hentry"],"acf":[],"_links":{"self":[{"href":"https:\/\/fondation-farm.org\/en\/wp-json\/wp\/v2\/pages\/17","targetHints":{"allow":["GET"]}}],"collection":[{"href":"https:\/\/fondation-farm.org\/en\/wp-json\/wp\/v2\/pages"}],"about":[{"href":"https:\/\/fondation-farm.org\/en\/wp-json\/wp\/v2\/types\/page"}],"author":[{"embeddable":true,"href":"https:\/\/fondation-farm.org\/en\/wp-json\/wp\/v2\/users\/1"}],"replies":[{"embeddable":true,"href":"https:\/\/fondation-farm.org\/en\/wp-json\/wp\/v2\/comments?post=17"}],"version-history":[{"count":373,"href":"https:\/\/fondation-farm.org\/en\/wp-json\/wp\/v2\/pages\/17\/revisions"}],"predecessor-version":[{"id":37573,"href":"https:\/\/fondation-farm.org\/en\/wp-json\/wp\/v2\/pages\/17\/revisions\/37573"}],"wp:attachment":[{"href":"https:\/\/fondation-farm.org\/en\/wp-json\/wp\/v2\/media?parent=17"}],"curies":[{"name":"wp","href":"https:\/\/api.w.org\/{rel}","templated":true}]}}

<section class="block-2-col has-media blanc">

    <div class="bloc-main container gauche">

                <div class="media m-negatif">
                <div>
                    <img loading="lazy" decoding="async" width="600" height="540" src="https://fondation-farm.org/wp-content/uploads/2024/07/Paysans-africains-tetes-baissees.jpg" class="attachment-super size-super" alt="" srcset="https://fondation-farm.org/wp-content/uploads/2024/07/Paysans-africains-tetes-baissees.jpg 600w, https://fondation-farm.org/wp-content/uploads/2024/07/Paysans-africains-tetes-baissees-300x270.jpg 300w" sizes="auto, (max-width: 600px) 100vw, 600px" />                </div>
            </div>
            
            <div class="trapeze">
            
            <h2>ACTION THEMES</h2>            <p>Founded in 2005, the Foundation for Agriculture and Rurality in the World (FARM) aims to inform decision-makers in countries of the South and North, public and economic actors, on strategic issues such as:</p>

                            <ul>
                                            <li><span class="picto-thematique"><img loading="lazy" decoding="async" src="" /></span><h3>The sectors, from producers to markets </h3></li>
                                            <li><span class="picto-thematique"><img loading="lazy" decoding="async" src="" /></span><h3>Food and nutrition security </h3></li>
                                            <li><span class="picto-thematique"><img loading="lazy" decoding="async" src="" /></span><h3>The resilience of rural areas </h3></li>
                                        </ul>
                            </div>

        </div>
            </div>
    

                    <div class="centre mb">
            <a href="https://fondation-farm.org/en/la-fondation/" class="bt-plus">Learn more about the Foundation</a>
        </div>
                    
</section>



<section class="bloc-2-col">










</section>



<section class="publi fond-jaune">

    <div class="container">
                        <div class="centre">
                <h2>PUBLICATIONS</h2>
            </div>
            
                            <div class="actualites carousel_actus">
                                    <div class="actualite gauche">
                        <div class="categorie"> <span>23/03/2026</span></div>
                        <h3>Échanges inter-rives « Quelles stratégies d&rsquo;adaptation au changement climatique en Méditerranée ? »</h3>

                                                    <p>La Fondation FARM et ses partenaires ont lancé en 2025 des échanges inter-rives dans le cadre du projet AACC‑Med (Adaptation des agricultures au changement climatique en Méditerranée), en construisant un partenariat d’envergure réunissant des institutions méditerranéennes engagées face aux risques climatiques croissants et à leurs impacts sur nos agricultures.</p>                                                <a href="https://fondation-farm.org/en/echanges-inter-rives-quelles-strategies-dadaptation-au-changement-climatique-en-mediterranee/" class="plus"></a>

                    </div>
                                    <div class="actualite droite">
                        <div class="categorie"> <span>12/02/2026</span></div>
                        <h3>Pesticides in agriculture: understanding the issues</h3>

                                                    <p>What pesticides are used in agriculture? What are the consequences of their use? The FARM Foundation offers insight and answers to these questions.</p>                                                <a href="https://fondation-farm.org/en/pesticides-agriculture-comprendre-definition/" class="plus"></a>

                    </div>
                                    <div class="actualite gauche">
                        <div class="categorie"> <span>12/02/2026</span></div>
                        <h3>Gouverner les pesticides à l’échelle mondiale : un impératif encore hors de portée</h3>

                                                    <p>Des champs européens aux plaines africaines, asiatiques ou latino-américaines, les pesticides circulent au rythme d’un commerce mondialisé, tandis que les risques sanitaires et environnementaux restent très inégalement partagés. </p>                                                <a href="https://fondation-farm.org/en/gouverner-les-pesticides-a-lechelle-mondiale-un-imperatif-encore-hors-de-portee/" class="plus"></a>

                    </div>
                                </div>
            
    </div>

    <div class="centre">
        <a href="/en/publications/" class="bt-plus">See all publications</a>
    </div>

</section>




<section class="block-2-col has-media blanc">

    <div class="bloc-main container droite">

                <div class="media">
                <div>
                    <img loading="lazy" decoding="async" width="1500" height="1124" src="https://fondation-farm.org/wp-content/uploads/2022/09/ivan-bandura-HbWgPv0zZ_o-unsplash-1500x1124.jpg" class="attachment-super size-super" alt="" srcset="https://fondation-farm.org/wp-content/uploads/2022/09/ivan-bandura-HbWgPv0zZ_o-unsplash-1500x1124.jpg 1500w, https://fondation-farm.org/wp-content/uploads/2022/09/ivan-bandura-HbWgPv0zZ_o-unsplash-300x225.jpg 300w, https://fondation-farm.org/wp-content/uploads/2022/09/ivan-bandura-HbWgPv0zZ_o-unsplash-1024x767.jpg 1024w, https://fondation-farm.org/wp-content/uploads/2022/09/ivan-bandura-HbWgPv0zZ_o-unsplash-768x576.jpg 768w, https://fondation-farm.org/wp-content/uploads/2022/09/ivan-bandura-HbWgPv0zZ_o-unsplash-1536x1151.jpg 1536w, https://fondation-farm.org/wp-content/uploads/2022/09/ivan-bandura-HbWgPv0zZ_o-unsplash.jpg 1920w" sizes="auto, (max-width: 1500px) 100vw, 1500px" />                </div>
            </div>
            
        <div class="trapeze">
            <h2>EXAMPLES OF PROJECTS</h2>            <p>THE <strong>Barometer</strong> des agricultures africaines ;</p>
<p>The AACC-Med project: <strong>adaptation</strong> from agriculture to <strong>climate change in the Mediterranean</strong>.</p>
        </div>

    </div>

                    <div class="centre mt">
            <a href="https://fondation-farm.org/en/projet/" class="bt-plus">See the projects</a>
        </div>
                    
</section>


<section class="fond-jaune">

    <div class="container">
                        <div class="centre">
                <h2>Media and Resources</h2>
            </div>
            
                            <div class="actualites carousel_actus">
                                    <div class="actualite gauche">
                        <div class="categorie"> <span>27/01/2026</span></div>
                        <h3>Conférence FARM 2026 &#8211; Repenser la protection des cultures : agir collectivement pour le vivant</h3>

                                                    <p>La Fondation FARM organise sa 15ᵉ Conférence internationale le mardi 17 février 2026 intitulée « Repenser la protection des cultures : agir collectivement pour le vivant », à la Cité Internationale Universitaire de Paris. </p>                                                <a href="https://fondation-farm.org/en/actualite/conferencefarm2026/" class="plus"></a>

                    </div>
                                    <div class="actualite droite">
                        <div class="categorie"> <span>06/01/2026</span></div>
                        <h3>Nomination : FARM accueille un nouveau président du Conseil scientifique</h3>

                                                    <p>Nommé par le Conseil d’administration, Christian Huyghe devient président du Conseil scientifique de FARM à partir du 1er janvier 2026.</p>                                                <a href="https://fondation-farm.org/en/actualite/nomination-farm-accueille-un-nouveau-president-du-conseil-scientifique/" class="plus"></a>

                    </div>
                                    <div class="actualite gauche">
                        <div class="categorie"> <span>06/01/2026</span></div>
                        <h3>La Fondation FARM vous souhaite une très belle année 2026 !</h3>

                                                    <p>Cette année, la Fondation fêtera 20 ans d’engagements en faveur des agricultures durables, solidaires et résilientes : l’année sera ponctuée de nombreux temps forts à ne pas manquer !</p>                                                <a href="https://fondation-farm.org/en/actualite/la-fondation-farm-vous-souhaite-une-tres-belle-annee-2026/" class="plus"></a>

                    </div>
                                </div>
            
    </div>

    <div class="centre">
        <a href="/en/actualite/" class="bt-plus">See all news</a>
    </div>

</section>






<section class="texte-image blanc">

    
    <div class="bloc-main container gauche">  


    
        <div class="colonne texte">

                    </div>

    </div>
        
</section>




<div class="wp-block-buttons is-layout-flex wp-block-buttons-is-layout-flex"></div>
